 5*k - 17 = 0. Suppose i = 4*g - 196, 3*g + j*i - 94 = 68. Calculate the highest common divisor of 75 and g.
25
Let b = -7 - 2. Let o be b/(-18) + (-34)/(-4). Suppose -w = 2 - o. Calculate the highest common divisor of w and 35.
7
Suppose 4*l + l - 325 = -5*i, 3*i - l - 175 = 0. What is the highest common divisor of 15 and i?
15
Let d be -1 + (1 - (-4 + 0)). Suppose -2 = -d*m + 6. Let u = -31 - -45. Calculate the highest common divisor of m and u.
2
Suppose -i = 5*r - 30, 3*i - 120 = -i - 4*r. What is the greatest common factor of 10 and i?
10
Let j(b) = b**3 - 5*b**2 - b + 7. Let o be j(5). Suppose c - 162 = -o*c. Calculate the highest common factor of c and 6.
6
Let m(s) be the third derivative of s**4/8 - 5*s**3/6 - 2*s**2. Let h be m(4). What is the greatest common factor of 35 and h?
7
Suppose -117 = -5*a + 83. Suppose 12 = 4*z - a. What is the greatest common factor of z and 143?
13
Let v(n) = -n**2 - 12*n - 17. Let t be v(-3). Calculate the greatest common divisor of 170 and t.
10
Suppose 0 = 3*q - 9 + 3. What is the highest common factor of 4 and q?
2
Suppose 4*q = -3*c + 175, -2*q + 116 = 2*c - 0. Suppose 0 = -f + l + 11, -3*f - 4*l - l = -c. What is the greatest common divisor of 21 and f?
7
Let p be 78/4*(-16)/(-24). Calculate the highest common factor of p and 117.
13
Let d = 58 - 56. What is the greatest common factor of 7 and d?
1
Suppose -6*m + m + 85 = 0. Calculate the greatest common factor of 119 and m.
17
Let l be 30*1/(-4)*-2. What is the greatest common divisor of 60 and l?
15
Let n be (-10)/6*2*-3. Suppose -3*y - 30 = -2*a, -3*a = -3*y + 14 - 44. Let m be 1194/30 + (-2)/y. Calculate the highest common divisor of m and n.
10
Suppose 2*f = -5*i + 144 + 321, 86 = i - f. What is the highest common factor of 52 and i?
13
Let s be (-3)/(-6)*(6 - 4). Calculate the highest common factor of 5 and s.
1
Let q(j) = -j**3 + 6*j**2 + 5*j - 5. Let d be q(5). Calculate the highest common divisor of 18 and d.
9
Suppose -2*k = -6*k. Suppose -4*z + 0*z = -3*o + 58, -2*o - 2*z + 34 = k. What is the greatest common divisor of o and 6?
6
Let n(v) = -v**2 - 7*v - 5. Let b be n(-6). Calculate the greatest common factor of 11 and b.
1
Let c be (-108)/(-8)*(2 - -6). Let r be (-12)/(-9)*3/2. Suppose -r*m - m = 9, f = 5*m + 27. Calculate the greatest common divisor of f and c.
12
Let i(f) = -5*f**3 + f**2. Let r be i(-1). What is the greatest common factor of 12 and r?
6
Suppose 2*u - 20 = -2*z, 8*z = 9*z - 3. What is the highest common divisor of u and 3?
1
Let d be (-11)/(-4) - (-4 + 75/20). Calculate the highest common divisor of 27 and d.
3
Let h = -134 + 262. Calculate the greatest common divisor of 16 and h.
16
Suppose -5*y - 6 = -1. Let u be (y/(-2))/((-9)/(-1656)). What is the greatest common factor of u and 23?
23
Let r = -46 - -66. Calculate the greatest common factor of 220 and r.
20
Let w(i) = i**2 - 4. Let s be w(-3). Calculate the greatest common factor of 55 and s.
5
Let s = -24 - -35. Let c be (-1 - -1) + 2*39. Suppose 76 = 2*o - c. Calculate the greatest common divisor of o and s.
11
Suppose 0 = -3*c + 2*c + 5. Suppose -c*s - m + 80 = 0, 3*m = 5*s - 8 - 72. What is the highest common factor of 112 and s?
16
Suppose 21 = r - 3*a, a + 3 = -2. Let o = r + -3. Let u = -2 + 4. What is the highest common factor of u and o?
1
Let p = 98 + -14. Calculate the highest common divisor of p and 112.
28
Let t be (1/2*25)/(6/36). What is the greatest common divisor of 50 and t?
25
Let m be (-3)/(-9) + (-154)/(-6). Calculate the highest common divisor of m and 130.
26
Suppose 0 = 3*i + 3 - 213. Calculate the greatest common divisor of i and 14.
14
Let c(k) = k**3 - 6 + 4*k - k**2 + 8*k**2 - 2*k**3 - 4. Let n be c(7). Calculate the greatest common divisor of 2 and n.
2
Let u = -50 + 61. Calculate the highest common factor of u and 44.
11
Let f(r) = r - 4. Let g be f(4). Suppose -m - m + 30 = g. Let l(k) = k**2 - 2*k + 3. Let w be l(3). Calculate the greatest common divisor of w and m.
3
Suppose -5*g + 5*p + 95 = 0, -3*g = -5*p + 16 - 83. Let b(o) = 7*o + 5. Let a be b(-6). Let w = 5 - a. Calculate the highest common divisor of g and w.
14
Let x be (60/8)/(1/8). Let v = -5 - -20. What is the highest common divisor of x and v?
15
Let k be (1*(-48)/14)/(7/(-49)). What is the highest common factor of k and 6?
6
Let g(y) = -2*y - 7. Let z be g(-10). Suppose m - z = 3. What is the highest common factor of 16 and m?
16
Suppose -4*f + 3*k - 7 = -2, 3*f = 3*k - 6. Suppose 6 = -s - v, -3*v - 15 = s + v. Let y be (9/s + 5)/2. Calculate the greatest common divisor of y and f.
1
Suppose -10 = 5*r - 0. Let t be (-17)/r - 18/12. Calculate the greatest common divisor of 63 and t.
7
Suppose 0 = w + 2*z - 55, 3*w + 0*w - z = 144. Suppose -2*c + 4*n + n - 6 = 0, 2*n = 8. Calculate the greatest common divisor of c and w.
7
Suppose 1 = f - 2. Suppose f*b - 1 - 5 = 0, 5*l + 3*b - 321 = 0. What is the highest common factor of 9 and l?
9
Let t(n) = -12*n**3 - n**2 + 1. Let x be t(-1). Let c = -47 - -114. Suppose -17 = -q + c. Calculate the greatest common factor of q and x.
12
Let b = 8 - -44. Let r = b - 37. Let f = -5 + r. Calculate the greatest common divisor of 15 and f.
5
Suppose 2*h - 5 = 5*p + 3*h, 15 = -3*h. Let i(c) = -c + 5. Let f be i(p). What is the greatest common divisor of f and 10?
5
Let g be 48/21 - 2 - 580/(-28). Calculate the greatest common factor of g and 105.
21
Suppose 0*g = -3*g + 9. Suppose 2*s - 4*j = 28, 8*s = 3*s - g*j + 57. Calculate the greatest common divisor of 24 and s.
12
Let t = -18 - -26. Suppose -3*b - t - 4 = 0. Let o(d) = -d**3 - 4*d**2 + 5. Let s be o(b). What is the highest common factor of 5 and s?
5
Let i = 1 + 0. Let u be i + 1 + (-6)/2. Let p be (-17)/((2 + u)/(-4)). What is the greatest common factor of p and 17?
17
Let p(d) be the first derivative of -d**4/4 - d**2/2 + 36*d + 1. Let h be p(0). Calculate the highest common factor of h and 4.
4
Let n(y) = -y**3 - 9*y**2 + 3*y + 14. Let q be n(-10). What is the highest common factor of 56 and q?
28
Suppose 11*j + 3 - 36 = 0. Let s = 1 - -1. What is the highest common factor of j and s?
1
Let n(h) = 2*h**2 + 2*h - 1. Let y be n(-2). Let r be 0*2*2/8. Suppose -y*k - 2*k + 420 = r. What is the highest common divisor of k and 12?
12
Let p(y) = -61*y**3 + 2*y + 1. Let x be p(-1). Calculate the greatest common divisor of x and 24.
12
Let z(x) = x**3 + 2*x**2 - 6*x + 2. Let c(m) = m - 6. Let u be c(3). Let j be z(u). What is the greatest common divisor of 99 and j?
11
Let s = 6 + 20. Let m(a) = -a**2 + 9*a - 8. Let h be m(7). Let l be s/h + (-7)/21. Calculate the greatest common factor of 6 and l.
2
Suppose 0 = 5*w - 40. Suppose w - 4 = -2*n. Let j be (n - -2 - -23) + -1. Calculate the greatest common factor of j and 198.
22
Let o(l) = 2*l**2 - 20*l + 20. Let h be o(9). Calculate the highest common factor of h and 2.
2
Let d = 168 - -196. What is the greatest common factor of d and 28?
28
Let v(w) = -w**2 + 5*w + 2. Let g be v(5). Let p be (-174)/5 + (-1)/5. Let l = -17 - p. What is the greatest common divisor of l and g?
2
Let o(h) = 9*h - 23. Let n be o(7). What is the highest common factor of n and 30?
10
Let k = 6 - -12. Let w(y) = y - 5. Let j be w(7). Calculate the highest common factor of k and j.
2
Let j be (-6)/(-27) - 518/(-18). What is the greatest common divisor of j and 58?
29
Let m be 0/(-2) - 120/(-15). Calculate the greatest common factor of m and 8.
8
Suppose -14*k + 8*k = -42. Suppose 5*i - 16 = 19. Calculate the greatest common factor of k and i.
7
Suppose -2*x + 6*x + 12 = 0. Let r be -1*((-252)/(-3))/x. Calculate the greatest common factor of r and 28.
28
Suppose 0 = -2*v + 6*v. Let r = v - -2. Suppose -3*c - 6 = -5*c, 3*y + r*c = 216. Calculate the highest common factor of 10 and y.
10
Suppose 5*c - 3 = l, -3*l + 4*l + 3 = -4*c. Suppose -5*v + 32 + 13 = c. Suppose -j + v + 3 = 0. Calculate the highest common factor of 6 and j.
6
Let m = 3 + -1. Let c be 1/m*1*6. Calculate the greatest common factor of 24 and c.
3
Let k = 85 - 25. Calculate the greatest common divisor of k and 24.
12
Let q(p) be the first derivative of -11*p**2/2 - p - 1. Let z be q(-1). Let m = 59 + -9. Calculate the greatest common divisor of m and z.
10
Let x be (-1*22/6)/(3/(-9)). Calculate